o).
-21
Let v(k) = -3*k**3. Let n be ((-7)/(-2))/(-7) + 77/22. Suppose -5*g + n = -2. Determine v(g).
-3
Let l(i) be the third derivative of -i**6/120 - i**5/6 - 2*i**4/3 - 11*i**3/3 - 591*i**2. Calculate l(-9).
41
Let u be 3*3/(2 + -5). Let l(b) = -2*b**2 - 2*b. Calculate l(u).
-12
Let i be (-4 - (-60)/16)/((-1)/4). Let u(j) = -j**2 - 6*j + 4. Determine u(i).
-3
Let l(v) be the third derivative of -14*v**5/15 - v**4/8 + v**3/2 + v**2 + 6422*v. Give l(1).
-56
Let x(n) be the second derivative of n**3/6 - 3*n**2/2 + 8*n + 358. Let v = -3 - -15. Determine x(v).
9
Let l(x) = -5*x + 7. Let q be 150/(-675) + 3/(27/920). Suppose -37*i = -q - 120. Calculate l(i).
-23
Let p(y) = y**3 - 6*y**2 + 5*y - 8. Let n = -2554 + 2559. Calculate p(n).
-8
Let o(x) = 9*x**2 - 26*x**2 + 155*x**3 + 10*x**2 - 156*x**3 + 14 + 3*x. What is o(-7)?
-7
Suppose 115*b + 184 = -142 - 134. Let d(t) = 3*t**3 + 5*t**2 + 4*t - 2. Calculate d(b).
-130
Let r(s) be the third derivative of s**8/1680 - s**6/720 - 7*s**4/3 - s**2 + 3*s. Let n(h) be the second derivative of r(h). Calculate n(1).
3
Let p(l) be the first derivative of -1/2*l**2 + 53 - 2*l. Give p(-7).
5
Let u(g) = -g**3 + 11*g**2 + g + 8. Suppose 4*r - 5*q = 79 + 5, -3*q + 20 = 4*r. Determine u(r).
19
Let d(y) = y**2 - 13*y + 24. Let c be d(14). Suppose -4*p + c + 46 = 0. Suppose -2*b - p = -21. Let r(g) = -g**3 + g**2 - g + 2. What is r(b)?
2
Suppose -46*m + 51*m - 25 = 0. Suppose -d - 9 = 7*k - 12*k, -4*k = -m*d - 24. Let v(x) = 18*x**3 - 2*x**2 + 1. Give v(k).
17
Let q(p) be the first derivative of 10*p + 1/2*p**4 + 4*p**2 - 19/3*p**3 - 10. Let w be q(9). Let m(o) = -8*o**3 + 2*o**2 - 2*o + 1. Determine m(w).
-7
Let i(c) = -10*c - 5465 + 10924 - 5453 - c**2. Give i(-11).
-5
Let r(q) be the third derivative of q**6/360 - q**5/120 + q**4/24 - 4*q**3/3 - 30*q**2. Let f(u) be the second derivative of r(u). What is f(-5)?
-11
Let v(g) = 62318*g**2 - 5*g - 1 - 62319*g**2 + 28 + 16*g. Give v(14).
-15
Suppose -x + 9 = -3*m - 8, 30 = -2*m - 4*x. Let c be 8/(-60) + (-47)/(-15). Let n(a) = -a - 17. Let f(b) = b + 16. Let v(d) = c*n(d) + 4*f(d). What is v(m)?
6
Let c(h) = h**2 - 52*h + 482. Let u be c(40). Let w(t) be the first derivative of u*t - 5 + 7/2*t**2 - 1/3*t**3. Calculate w(7).
2
Let l(r) = -r - 4. Let x be (-30)/(-5)*-1 - (1 + 1). Let k(v) = v + 13. Let o be k(x). Suppose -c + u = c + 3, -o*u = -5*c. Calculate l(c).
-1
Let q(m) be the first derivative of 146 + 2/3*m**3 - 3*m - m**2. Give q(5).
37
Suppose 0 = b - 4, 5*k + 53*b - 42 = 50*b. Let f(a) = -a + 24. Calculate f(k).
18
Let d = -37 - -43. Let o be (d - 3)*1/(-3)*2. Let i be 2/3 - (o + 5/3). Let j(u) = -11*u**3 + u**2 - u + 1. Calculate j(i).
-10
Let c(l) = 6*l**3 - 6*l**2 + 9*l + 7. Let a(s) = -5*s**3 + 5*s**2 - 7*s - 6. Let f(m) = 5*a(m) + 4*c(m). Let q be (-15)/9*12/(-10). Calculate f(q).
-4
Let i(p) = -p**3 + 2. Let l(x) = -17*x**3 + 13*x**2 - 17*x + 11. Let j(n) = -18*i(n) + l(n). What is j(-14)?
17
Let l(y) = -32*y - 55. Let v be l(-2). Suppose -v*p + 27 - 108 = 0. Let o(u) = u**2 + 5*u - 10. Calculate o(p).
26
Let i be 12 + -5 - 1*2. Suppose -8 = 4*n, -20 = -i*h + 5*n + 30. Let u(o) be the first derivative of -o**3/3 + 3*o**2 - 3*o + 145. Calculate u(h).
-19
Let p(o) = -o**3 - 35*o**2 - 77*o - 41. Let w be p(-32). Let r = -645 - w. Let c(j) = j**3 - 4*j**2 - j + 3. Give c(r).
-1
Let r(g) = -33*g + 5. Let l(s) = -39*s + 7. Let y(f) = 4*l(f) - 5*r(f). Let z be (5 - 23)/(-6) - (2 + 2). Calculate y(z).
-6
Let r(w) = -31*w**2 - 2*w - 29. Let m(y) = -15*y**2 - y - 17. Let i(n) = 5*m(n) - 3*r(n). Calculate i(-1).
19
Let d(a) = -a**2 - 8*a + 14. Let z be d(-9). Suppose -32 = -4*n + 2*g, n = 6*n + z*g - 10. Let u(c) = -7*c**2 + 2*c - 11*c + 2*c**2 + 9 + n*c**2. Give u(7).
-5
Let x(v) be the third derivative of v**5/60 + v**4/3 - 5*v**3/6 - 816*v**2. What is x(-7)?
-12
Let n(w) be the first derivative of -5*w**2 + 1487. Determine n(-5).
50
Let x(l) = 39*l - 127*l**2 - 41*l + 76*l**2 + 42*l**2. Calculate x(-1).
-7
Let q(w) = w**3 - 6*w**2 - 2*w + 34. Let a be 6 + -2 + (-12)/(-192)*16. Calculate q(a).
-1
Suppose -6*g - 8*m - 42 = -11*m, -2*g - 4*m = -16. Let t(b) = 5*b**2 - 2*b - 7. Give t(g).
81
Let j(t) = t**3 - t**2 + 3. Suppose 5*f - 4*l + 45 = 0, -f + l - 4*l + 10 = 0. Let s(i) = 7*i**3 - 7*i**2 + 2*i + 12. Let g(r) = f*j(r) + s(r). Give g(2).
9
Let a(j) be the third derivative of -j**5/60 - j**4/3 - j**3/6 - 2*j**2 - 2*j - 1011. Let s(w) = -w**2 - 5*w - 2. Let p be s(-6). Give a(p).
-1
Let b(k) = 533 - 245 + k - 254. Let q be b(-31). Let d(a) = a**2 - 5*a + 3*a + a**2. Determine d(q).
12
Let l(b) = 65 + 42*b - 79*b + 44*b. What is l(-9)?
2
Let d(p) be the second derivative of p**4/12 + 24*p - 15. Let u(l) = -2*l - 2. Let c be u(-3). Let g = 7 - c. What is d(g)?
9
Let v(t) = 3*t + 84. Let k be v(-26). Suppose -6*n - 30 = -k. Let f(b) = -5*b + 2. Determine f(n).
22
Suppose -4*l = -4 - 48. Let z(i) = -5*i**2 + 304*i + 1. Let q(y) = -y**2 + 53*y - 1. Let t(p) = 6*q(p) - z(p). Determine t(l).
6
Let j(b) = 0 + 6 - 1 - 6 + 7*b**2. Suppose -1 - 1 = 2*k. Determine j(k).
6
Let b = -9082 - -9087. Let n(r) = -3*r**2 + 14*r + 1. Give n(b).
-4
Suppose -268*i = -287*i + 95. Let w = 16 + -10. Let y(r) = -4*r + 5. Let s(n) = -n + 1. Let f(t) = w*y(t) - 26*s(t). What is f(i)?
14
Let p(t) = t + 9. Let c be p(-4). Let b(a) = -28*a**2 + 27*a**2 - 7280 + 7273 + 7*a. Calculate b(c).
3
Let r = -131 + 122. Let t(o) = 11*o**3 + 22*o**2 + 15*o + 31. Let s(b) = -5*b**3 - 11*b**2 - 8*b - 15. Let f(y) = r*s(y) - 4*t(y). Calculate f(-10).
-9
Let x(p) = -p + 6. Let f(k) = k**2 + k - 1. Let d be f(-3). Suppose d*j + 12 = j. Let a = j + 7. Give x(a).
2
Let t = 8727 - 8729. Let l(g) = 8*g + 31. Determine l(t).
15
Let g(b) = b**3 - 51*b**2 - 472*b + 3. Let r be g(59). Suppose 0 = 5*p - v - 13, 4*p - 6*p + 1 = v. Let f(t) = -p*t + t**2 + 1 + t**2 + 0 - 2. What is f(r)?
11
Let l be (16/6 - 5)/((-2)/(-96)). Let z = -85 - l. Let d(i) = 11 + i + 9 - z. Determine d(0).
-7
Suppose -29*v + 139 = 52. Let b(o) = 4*o**3 - 2*o**2 - 3*o - 3. Let i(d) = -3*d**3 + 2*d**2 + 3*d + 2. Let a(s) = v*i(s) + 2*b(s). Give a(3).
0
Let a(v) = v + 5. Let s be 7 - (-20)/(-10 + 5). Suppose s*i + 59 = -4*x + 15, -5*i - 11 = x. Determine a(x).
-6
Let m = -425 - -445. Let x(t) = m - 493*t - 489*t + 985*t. Calculate x(-8).
-4
Let b(h) be the first derivative of h**4/4 + h**3/3 - 2*h - 6. Let q(n) = 12*n**3 - 2*n + 1. Let r be q(1). Suppose t - r*t = 0. What is b(t)?
-2
Let o(r) = 1 + 16*r**2 + 3*r - r - 20*r**2. Suppose 0*g = -2*t - 3*g + 112, -153 = -3*t + 3*g. Let l = t - 54. Determine o(l).
-5
Let j(f) = -6*f - 4. Let g = -199 - -195. Let x be (g - -4 - 0)/(-4). Calculate j(x).
-4
Let i(t) = 13*t - t**2 - 26955 - 2*t + 26959. Let k(m) = m**2 + m + 1. Let b(r) = -i(r) + k(r). Give b(7).
25
Let n(q) = 24*q - 26*q - q**2 + 20 + 37 + 21*q + 2*q. Calculate n(23).
11
Let r(d) be the first derivative of 1/2*d**2 + d**3 + 0*d + 1/4*d**4 + 30. Let a be (0 - 1)/((-1)/(-3)). What is r(a)?
-3
Let r(p) = -p**3 + 36 - 32*p + 7*p + 11*p + 2*p**3 + 15*p**2. What is r(-16)?
4
Let p(c) = 2*c**2 - 18*c. Let o be p(9). Suppose 0 = 5*w + h - o*h + 14, -4*w + 5*h = 17. Let v = 11 + w. Let x(g) = -g**2 + 8*g + 7. Calculate x(v).
7
Let s be (-45)/24 + (-3)/24. Let p(o) = o**2 - 7*o - 18. Determine p(s).
0
Let l(u) = 6189*u**3 + 3*u + 4*u**2 - 1 - 3096*u**3 - 3094*u**3. Let h(n) = -n**3 - 2*n**2 + 3*n + 5. Let t be h(-3). Calculate l(t).
-11
Let s(j) = 7*j + 212. Suppose 1695*a - 1673*a = -660. Determine s(a).
2
Suppose -23*h + 31*h = 200. Let d = 13 - -5. Let m = h - d. Let j(k) = -3*k + 2. Determine j(m).
-19
Let p(f) = -4*f**2 + 3*f + 3. Let y = -5177 + 5175. What is p(y)?
-19
Let g(j) = -j**2 + 9*j - 6. Let y(c) = c**3 - 3*c**2 + 3*c + 4. Let d(v) = -12*v + 62. Let i be d(5). Let b be y(i). Determine g(b).
12
Let m(c) = -2*c - 7. Let f(b) = b + 8. Let r(u) = -2*f(u) - 3*m(u). Suppose 236*l = 1318*l - 6492. Give r(l).
29
Let q = 24 + -22. Let d be -3*1*(0 - q). Let n(x) = -4 + 11*x - x**2 - d - x. Calculate n(8).
6
Let z(w) be the third derivative of w**2 + 0*w**3 - 1/12*w**4 + 0 + 0*w. Suppose -6*r + r = o + 24, 0 = 2*r + 4*o + 24. What is z(r)?
8
Let x(a) = 26*a + 1. Let n be (-4)/14 - ((-240)/(-21))/(-5). Let k be (14/(-2))/(-14)*n. What i